*n = -32, 2*n - w = -0*d - 3*d. What is the units digit of d?
4
Let f(a) = -a**3 - 10*a**2 + 6*a - 18. What is the tens digit of f(-13)?
1
Suppose 0 = -3*y + 15 - 0. Suppose 3*c = -3*l - 6, 9*l - 4*l + y = -4*c. Let r(i) = i**3 + 2*i**2 - 5*i + 2. What is the tens digit of r(l)?
3
Suppose -4*o - 1949 = 4*s + 2983, -3*s = o + 3705. What is the units digit of (-6)/42 + s/(-28)?
4
Let o = -66 - -311. What is the hundreds digit of o?
2
Let f(w) = -w**2 + 6. Let n be f(-4). Let i = 45 + n. What is the tens digit of i?
3
Let r = 11 - 11. Let l be r/(-2) + (5 - 2). Suppose 90 = l*v + 15. What is the units digit of v?
5
Let c = -479 - -1323. What is the units digit of c?
4
Let o(v) = -24*v + 20. What is the units digit of o(-3)?
2
Suppose 0*n - n = -1. Suppose 0 = y + n - 4. Suppose 4*x = d + x - 55, -y*d - 3*x = -105. What is the tens digit of d?
4
Suppose 3*n - 15 = 4*p, -3*p = -n + 3 + 2. Suppose 2*g - 402 - 30 = p. Suppose -5*l = -9*l + g. What is the units digit of l?
4
Let t(p) be the second derivative of p + 0 - 1/3*p**3 - 1/2*p**2. What is the units digit of t(-5)?
9
Let o(t) = -5*t + 7. What is the units digit of o(-6)?
7
Suppose i - 13947 + 2733 = -5*y, 4*y - 8970 = -2*i. What is the units digit of y?
3
What is the thousands digit of -4 + 7 + 2447 - 0?
2
Let s(v) = v**3 + 3*v**2 - 8*v + 9. Let b be s(-5). Let z = b - -63. What is the tens digit of z?
6
Let k = -102 + 323. What is the units digit of k?
1
Let a = -120 + 188. Suppose 18*i = 19*i + a. What is the units digit of (-4)/6 + i/(-3)?
2
Let a(n) = -3*n**2 - 15*n - 16. Let b be a(-7). Let q = b + 134. What is the units digit of q?
6
Suppose 37*m = 44*m - 7091. What is the units digit of m?
3
Let o(f) = 223*f + 24. What is the thousands digit of o(7)?
1
Suppose -4*u - 3*c = -3364, 0 = -4*u - 0*c - c + 3372. What is the tens digit of u?
4
Suppose 3*k = -6, 2*j + 5*k - 966 = -254. What is the hundreds digit of j?
3
Suppose -8*l = -6*l - 204. Let a = -14 + l. What is the tens digit of a?
8
Let s = 14 - -5. Let q = s - 5. What is the units digit of q?
4
Let m = 391 - -479. What is the tens digit of m?
7
What is the hundreds digit of (-124 - -121) + (-952)/(-2*1)?
4
Suppose 13 = 5*b + 4*v, 5*b - 3*v - 2*v = 40. Let g(k) = k**2 + 3*k - 3. What is the tens digit of g(b)?
3
Let i = -56 - -40. Let d = i + 23. What is the units digit of d?
7
What is the hundreds digit of (-204)/255 + 8/10 + 1449?
4
Let y(z) = -19*z**2 - 2*z + 2. Let r be y(1). Let f = r + 30. Let w = -7 + f. What is the units digit of w?
4
Suppose -4*d - 218*z + 217*z + 3308 = 0, -5*z + 3324 = 4*d. What is the units digit of d?
6
Let t(y) = -25 - 4*y + 25 + y. Let d be t(-8). Let c = d + 49. What is the units digit of c?
3
Let d(x) = 4*x**2 + 1. Let u be d(-1). Suppose 2*o - 183 = -u*m, -133 = -2*o - 0*m + 5*m. What is the units digit of o?
9
Let r(k) = -k**3 + 4*k**2 - 2*k + 1. Let h be r(2). Suppose 4*z - 15 = h*q, 3 + 3 = -2*q + 3*z. What is the units digit of (-6)/4*2/q?
1
Let f(t) = 6*t**3 + 3*t**2 - 2*t + 2. Suppose 3*s + 2 = o, -5*o - 2*s + 18 - 8 = 0. What is the units digit of f(o)?
8
Suppose 34608 = 3*w + 53*w. What is the units digit of w?
8
Suppose 52 = 4*i + 2*t, 0*t - 4*t = 3*i - 34. Let c = -12 + i. Suppose -c*k + 4*d + 32 = 0, -k + 0*d = 4*d + 8. What is the units digit of k?
8
Let s be (2 - 3)*-3*1. Suppose s*r - 59 = -2*r - 4*h, 5*r - 52 = 3*h. What is the tens digit of r?
1
Suppose -3*d = 3*x - 0*d, 12 = 3*x - 3*d. Suppose -5*z - 169 = -v, -x*v + 2*z + 356 = -2*z. What is the units digit of v?
4
Let u(v) = v**2 + 6*v + 14. Let d be 41*(-3 + (-3 - -5)). Let m = d + 32. What is the tens digit of u(m)?
4
Let m = -654 - -1170. What is the units digit of m?
6
Let y = -1316 - -2545. What is the hundreds digit of y?
2
Suppose -7*r + 71 = 15. Suppose -4*t - r*t = -1176. What is the tens digit of t?
9
What is the thousands digit of (-73788)/(-55) + (-10)/75*-3?
1
Suppose 1362 = 5*f - 648. Suppose 0 = 5*w + 77 - f. What is the tens digit of (w/39)/(1/9)?
1
Let t(c) = -143*c - 29. What is the hundreds digit of t(-4)?
5
Let o(v) = -7*v + 1. Let t(q) = -14*q + 2. Let a(u) = -7*o(u) + 4*t(u). Let k be a(-6). Suppose -14 - k = -y. What is the tens digit of y?
5
Suppose 0 = -8*x + 4*x. Let a(y) = -3*y - 4. Let t be a(-4). Suppose -32 = -m - 4*k + t, -5*k + 5 = x. What is the tens digit of m?
3
Suppose -9*p = -6*p - 9. Suppose -3*u + 4*b + 260 = 0, -2*u - p*b + 0*b = -145. What is the units digit of u?
0
Let n(p) = 17*p**3 + 3*p**2 - 13*p + 57. Let r(u) = 8*u**3 + u**2 - 6*u + 28. Let c(w) = -6*n(w) + 13*r(w). What is the tens digit of c(6)?
7
Suppose -1317 = h - 4*h. What is the tens digit of h?
3
Let s(d) = d**3 - 2*d - 1. Let c be s(2). Let k(x) = 3*x**3 + 2*x**2 - 3*x - 1. What is the units digit of k(c)?
9
Let l = 28 + -31. What is the units digit of (1612/39)/((-1)/l)?
4
Suppose -4*l + 3*g - 7 = 0, 5*l - 3*g + 4 + 1 = 0. Suppose -l*m + 108 = 2*m. What is the units digit of m?
7
Suppose -4*u = -5*u + 2. Let x(r) = 8*r**2 - r + 2. Let o be x(u). Suppose 0*d - o = -2*d. What is the units digit of d?
6
Suppose 2*g = g + 2*k + 190, 2 = -k. What is the tens digit of g?
8
Suppose 677*o + 3690 = 680*o. What is the tens digit of o?
3
Let r = 8 - 4. Suppose -j = -5*q - 1, -j - r*q + 3 = -34. Suppose -j = -o - 3*u, -2*u = 4*o - 4*u - 126. What is the units digit of o?
0
Suppose 4*w + 2*g = 146, -3*w + 122 = -2*g + 9. What is the tens digit of w?
3
Suppose -149 = -5*f - 969. Let o = f + 292. What is the tens digit of o?
2
Suppose -5*y - 3 = -43. What is the units digit of (-42)/y*(-80)/12?
5
Suppose 140 = 3*z - n, -4*z + 2*n = 83 - 273. What is the units digit of z?
5
Let u = 46 - 46. Suppose 37 = -u*g + g. What is the units digit of g?
7
Suppose 0*y + 3*y + 14 = 5*n, -4*y = n - 12. Suppose -6*z = n*a - 3*z - 232, -a - 3*z = -67. What is the units digit of a?
5
Let z = 219 + -98. What is the units digit of (-4)/(-12)*3*z?
1
Suppose -3*s + 38 + 22 = 0. Suppose -4*q = -3*m - s, -3*m - 9 + 34 = 5*q. What is the units digit of q?
5
Let a(b) = 258*b + 348. What is the hundreds digit of a(6)?
8
Let n(q) = 114 - 90 + 0*q - q. What is the tens digit of n(7)?
1
Suppose -4*a - 54 = 3*x + a, -2*x - a - 29 = 0. Let d be (14/3)/(1/(-6)). Let b = x - d. What is the units digit of b?
5
Let g = -60 - -610. What is the units digit of g?
0
Let k = -24 - -362. What is the units digit of k?
8
Suppose 347 = y + 5*n, -2*y - n - 37 = -695. Let z = y - 182. What is the hundreds digit of z?
1
What is the tens digit of (19932/(-110))/((-4)/10)?
5
Let i be (0/(-3))/(-2) + 274. Let m = -135 + i. What is the hundreds digit of m?
1
Let u be ((-3)/2 - 1)*-2. Suppose 0 = 2*k + u - 29. Suppose -m + 2*y + k = -23, 0 = 2*m - y - 73. What is the units digit of m?
7
Let a(g) = -44*g + 201. What is the tens digit of a(-15)?
6
Suppose 20*u - 12198 = 10662. What is the tens digit of u?
4
Suppose -4*h = 8, 3*q - 12 = 2*h + h. Let j be 7 - 0/(-2*q). Suppose 40 = j*u - 3*u. What is the tens digit of u?
1
Suppose -3*w + 979 = 5*f, -10 = 8*w - 3*w. What is the hundreds digit of f?
1
What is the tens digit of (48/30)/(932/(-940) + 1)?
8
Let q(z) = 59*z + 160. What is the hundreds digit of q(14)?
9
Let f = 59 - 61. What is the units digit of -546*(-3)/30*(f - -7)?
3
Suppose -4*o + h + 15798 = -204, h = 2*o - 8002. What is the units digit of o?
0
Let d(r) = 5*r + 1. Let q(y) = -3*y**2 - y - 1. Let c be q(-1). Let i(z) = -11*z - 2. Let t(b) = c*i(b) - 7*d(b). What is the units digit of t(-3)?
5
Let j(u) = -548*u**3 - 2*u**2 + u + 1. Let n be j(-2). What is the tens digit of ((-8)/10)/((-25)/n)?
4
What is the tens digit of 1*(3 + -2 - -67)?
6
Let p(q) = 20*q**3 + 7 - 4*q - 19*q**3 + 6*q**2 - 2. What is the tens digit of p(-5)?
5
Suppose u = 3*w + 892, -w = u - 3*u + 1769. What is the units digit of u?
3
Let y = 1961 - 889. Suppose -2*t + y = 5*i, -2*t + 1064 = 5*i + 2*t. What is the hundreds digit of i?
2
Let s = 10 - -16. Suppose 0*h + s = 2*h. Let q = -3 + h. What is the tens digit of q?
1
Suppose -5*m + 427 = 4*a, -4*a - 2*m - 4 = -434. What is the tens digit of a?
0
Let j be (-3)/2 + (-12)/(-8). Suppose -12 - 8 = 2*h. What is the units digit of (h - -14) + j/2?
4
What is the hundreds digit of (-2 - -59)*(-41)/(-3)?
7
Suppose -5*q + 2*d - 10 - 35 = 0, 2*q - 3*d = -18. Let y(l